{"id":2720,"date":"2012-11-08T21:09:38","date_gmt":"2012-11-08T21:09:38","guid":{"rendered":"http:\/\/assos.venelles.net\/?page_id=2720"},"modified":"2013-02-03T15:05:00","modified_gmt":"2013-02-03T15:05:00","slug":"les-statuts","status":"publish","type":"page","link":"https:\/\/ciq-venelles.net\/index.php\/avec\/les-statuts\/","title":{"rendered":"Statuts"},"content":{"rendered":"<p><strong>Voir les documents de r\u00e9f\u00e9rence<\/strong><\/p>\n<ul>\n<li><a href=\"http:\/\/assos.venelles.net\/archives\/avec\/statuts.pdf\">Les statuts de l&rsquo;association <\/a><\/li>\n<li><a href=\"http:\/\/assos.venelles.net\/archives\/avec\/ag_association.pdf\">L&rsquo;assembl\u00e9e g\u00e9n\u00e9rale constitutive<\/a><\/li>\n<li>Annonce parue au JO le 12\/05\/2007<\/li>\n<li>Le <a href=\"http:\/\/assos.venelles.net\/archives\/avec\/recipice1.jpg\">r\u00e9cipiss\u00e9<\/a> de l&rsquo;enregistrement \u00e0 la sous pr\u00e9fecture<\/li>\n<\/ul>\n","protected":false},"excerpt":{"rendered":"<p>Voir les documents de r\u00e9f\u00e9rence Les statuts de l&rsquo;association L&rsquo;assembl\u00e9e g\u00e9n\u00e9rale constitutive Annonce parue au JO le 12\/05\/2007 Le r\u00e9cipiss\u00e9 de l&rsquo;enregistrement \u00e0 la sous pr\u00e9fecture<\/p>\n","protected":false},"author":3,"featured_media":0,"parent":1750,"menu_order":0,"comment_status":"open","ping_status":"open","template":"","meta":{"footnotes":""},"class_list":["post-2720","page","type-page","status-publish","hentry"],"_links":{"self":[{"href":"https:\/\/ciq-venelles.net\/index.php\/wp-json\/wp\/v2\/pages\/2720","targetHints":{"allow":["GET"]}}],"collection":[{"href":"https:\/\/ciq-venelles.net\/index.php\/wp-json\/wp\/v2\/pages"}],"about":[{"href":"https:\/\/ciq-venelles.net\/index.php\/wp-json\/wp\/v2\/types\/page"}],"author":[{"embeddable":true,"href":"https:\/\/ciq-venelles.net\/index.php\/wp-json\/wp\/v2\/users\/3"}],"replies":[{"embeddable":true,"href":"https:\/\/ciq-venelles.net\/index.php\/wp-json\/wp\/v2\/comments?post=2720"}],"version-history":[{"count":9,"href":"https:\/\/ciq-venelles.net\/index.php\/wp-json\/wp\/v2\/pages\/2720\/revisions"}],"predecessor-version":[{"id":2734,"href":"https:\/\/ciq-venelles.net\/index.php\/wp-json\/wp\/v2\/pages\/2720\/revisions\/2734"}],"up":[{"embeddable":true,"href":"https:\/\/ciq-venelles.net\/index.php\/wp-json\/wp\/v2\/pages\/1750"}],"wp:attachment":[{"href":"https:\/\/ciq-venelles.net\/index.php\/wp-json\/wp\/v2\/media?parent=2720"}],"curies":[{"name":"wp","href":"https:\/\/api.w.org\/{rel}","templated":true}]}}