{"id":1975,"date":"2012-08-04T13:43:00","date_gmt":"2012-08-04T13:43:00","guid":{"rendered":"http:\/\/assos.venelles.net\/?page_id=1975"},"modified":"2012-09-05T13:37:46","modified_gmt":"2012-09-05T13:37:46","slug":"adhesions","status":"publish","type":"page","link":"https:\/\/ciq-venelles.net\/index.php\/ciq\/adhesions\/","title":{"rendered":"Adh\u00e9sions"},"content":{"rendered":"<p>Les ressources du CIQ proviennent quasi-exclusivement des cotisations de ses membres. Le montant est maintenu volontairement \u00e0 une somme modique pour permettre au plus grand nombre d\u2019adh\u00e9rer, car le nombre d\u2019adh\u00e9rents est un crit\u00e8re important de la repr\u00e9sentativit\u00e9 de l\u2019association.<\/p>\n<p>Pour voter en Assembl\u00e9e G\u00e9n\u00e9rale, il faut \u00eatre \u00e0 jour du montant de sa cotisation.<br \/>\nPour devenir membre du CIQ, compl\u00e9ter le bulletin ci-apr\u00e8s et l&rsquo;adresser \u00e0 l\u2019adresse postale :<br \/>\n                         28, rue du Clos de la Bosque, 13770 VENELLES<br \/>\n                 NOM :                                               \tPr\u00e9nom :<br \/>\n                 Adresse (obligatoire) :<\/p>\n<p>                 Profession (facultatif) :<br \/>\n                 Messagerie (obligatoire) :                                    \t @<br \/>\n                 T\u00e9l\u00e9phone (facultatif) :<br \/>\n                      Joindre le montant de la cotisation soit 10 \u20ac<\/p>\n","protected":false},"excerpt":{"rendered":"<p>Les ressources du CIQ proviennent quasi-exclusivement des cotisations de ses membres. Le montant est maintenu volontairement \u00e0 une somme modique pour permettre au plus grand nombre d\u2019adh\u00e9rer, car le nombre d\u2019adh\u00e9rents est un crit\u00e8re important de la repr\u00e9sentativit\u00e9 de l\u2019association. Pour voter en Assembl\u00e9e G\u00e9n\u00e9rale, il faut \u00eatre \u00e0 jour du montant de sa cotisation. [&hellip;]<\/p>\n","protected":false},"author":3,"featured_media":0,"parent":1856,"menu_order":0,"comment_status":"closed","ping_status":"open","template":"sans-sidebar.php","meta":{"footnotes":""},"class_list":["post-1975","page","type-page","status-publish","hentry"],"_links":{"self":[{"href":"https:\/\/ciq-venelles.net\/index.php\/wp-json\/wp\/v2\/pages\/1975","targetHints":{"allow":["GET"]}}],"collection":[{"href":"https:\/\/ciq-venelles.net\/index.php\/wp-json\/wp\/v2\/pages"}],"about":[{"href":"https:\/\/ciq-venelles.net\/index.php\/wp-json\/wp\/v2\/types\/page"}],"author":[{"embeddable":true,"href":"https:\/\/ciq-venelles.net\/index.php\/wp-json\/wp\/v2\/users\/3"}],"replies":[{"embeddable":true,"href":"https:\/\/ciq-venelles.net\/index.php\/wp-json\/wp\/v2\/comments?post=1975"}],"version-history":[{"count":8,"href":"https:\/\/ciq-venelles.net\/index.php\/wp-json\/wp\/v2\/pages\/1975\/revisions"}],"predecessor-version":[{"id":2142,"href":"https:\/\/ciq-venelles.net\/index.php\/wp-json\/wp\/v2\/pages\/1975\/revisions\/2142"}],"up":[{"embeddable":true,"href":"https:\/\/ciq-venelles.net\/index.php\/wp-json\/wp\/v2\/pages\/1856"}],"wp:attachment":[{"href":"https:\/\/ciq-venelles.net\/index.php\/wp-json\/wp\/v2\/media?parent=1975"}],"curies":[{"name":"wp","href":"https:\/\/api.w.org\/{rel}","templated":true}]}}