{"id":1750,"date":"2012-07-05T21:12:20","date_gmt":"2012-07-05T21:12:20","guid":{"rendered":"http:\/\/assos.venelles.net\/?page_id=1750"},"modified":"2014-11-13T23:23:21","modified_gmt":"2014-11-13T21:23:21","slug":"avec","status":"publish","type":"page","link":"https:\/\/ciq-venelles.net\/index.php\/avec\/","title":{"rendered":"AVEC"},"content":{"rendered":"<div style=\"text-align: center;\"><img decoding=\"async\" style=\"float: center; margin-right: 5px;\" title=\"Logo AVEC\" src=\"http:\/\/assos.venelles.net\/archives\/avec\/logo_avec.jpg\" alt=\"\" \/><\/a><\/p>\n<\/div>\n<p style=\"text-align: justify\"><img loading=\"lazy\" decoding=\"async\" style=\"float: left; margin:0 5px 0 0;\" src=\"http:\/\/assos.venelles.net\/archives\/avec\/foule.miniature.JPG\" alt=\"foule.miniature.JPG\" width=\"100\" height=\"110\" \/>Pour \u00eatre plus efficace, dans la d\u00e9fense de notre conception du service public, nous avons d\u00e9cid\u00e9 de cr\u00e9er d&rsquo;une association <strong>\u00ab\u00a0L&rsquo;Association Venelloise pour l&rsquo;Expression Citoyenne (A.V.E.C.)\u00a0\u00bb<\/strong>, dont nous vous pr\u00e9sentons les principes.<\/p>\n<p>Le d\u00e9veloppement durable doit \u00eatre au coeur de notre pr\u00e9occupation. C\u2019est l\u00e0 une question universelle, qui concerne l\u2019inscription de nos actions dans la dur\u00e9e, en ne prenant pas en compte la seule performance \u00e9conomique mais aussi la solidarit\u00e9, et le d\u00e9veloppement  social. Cette attitude interroge les entreprises, mais aussi les \u00e9lus et les citoyens, sur leurs responsabilit\u00e9s \u00e0 l\u2019\u00e9gard de leur environnement proche comme des \u00e9quilibres de la plan\u00e8te, elle passe n\u00e9cessairement par des d\u00e9bats pluralistes, et la construction de projets partag\u00e9s.<br \/>\nTrop souvent dans les services publics, les professionnels, ou les \u00e9lus confisquent l\u2019expression des usagers, et parlent en leur nom. D\u00e8s lors, que des logiques corporatistes, bureaucratique ou politiques s\u2019installent elles ont tendance \u00e0 imposer leurs points de vue et des dysfonctionnements s\u2019accumulent.<br \/>\nIl devient aujourd\u2019hui n\u00e9cessaire de reconna\u00eetre le consommateur-usager-citoyen et ses associations comme acteur \u00e0 part enti\u00e8re, du processus de d\u00e9cision dans les services publics (sans oublier que l\u2019engagement et le dynamisme des usagers doivent \u00eatre accompagn\u00e9s par un travail d\u2019information et de formation).<br \/>\nC\u2019est le sens de notre action au sein de cette association qui prolonge l\u2019engagement de certains de nos membres au sein du conseil d\u2019administration de la R\u00e9gie.<br \/>\nNous ne serons pas dans la critique syst\u00e9matique, nous reconna\u00eetrons les progr\u00e8s accomplis, mais nous seront vigilants sur la d\u00e9fense ces valeurs et le respect des engagements pris.<\/p>\n<p>Voici l\u2019objectif de notre action, qui se situe en en dehors des clivages politiques traditionnels. Venez <strong>AVEC<\/strong> nous, pour enrichir le d\u00e9bat, et donner aux citoyens de Venelles la place qui doit \u00eatre la leur dans la cit\u00e9 et dans leurs services publics communaux.<\/p>\n<p><strong><span style=\"color: #660000;\">Cliquez <a href=\"mailto:infeau.venelles@free.fr?subject=Adhesion a l'Association Venelloise d'Expression Citoyenne (AVEC)\">ICI<\/a> pour nous rejoindre (<em>indiquez seulement votre nom et adresse, nous vous recontacterons ensuite<\/em>)<\/span><\/strong><\/p>\n<p><strong>Voir les documents de r\u00e9f\u00e9rence<\/strong><br \/>\n<a href=\"http:\/\/assos.venelles.net\/archives\/avec\/statuts.pdf\">Les statuts de l&rsquo;association <\/a><br \/>\n<a href=\"http:\/\/assos.venelles.net\/archives\/avec\/ag_association.pdf\">L&rsquo;assembl\u00e9e g\u00e9n\u00e9rale constitutive<\/a><br \/>\nAnnonce parue au JO le 12\/05\/2007<br \/>\nLe <a href=\"http:\/\/assos.venelles.net\/archives\/avec\/recipice1.jpg\">r\u00e9cipic\u00e9<\/a> de l&rsquo;enregisrement \u00e0 la sous pr\u00e9fecture<\/p>\n<p><strong>Voir les comptes rendus de nos assembl\u00e9es g\u00e9n\u00e9rales<\/strong><br \/>\n<a href=\"http:\/\/assos.venelles.net\/archives\/avec\/crag_2008.pdf\">AG 2008<\/a><br \/>\n<a href=\"http:\/\/assos.venelles.net\/archives\/avec\/crag_2009.pdf\">AG 2009<\/a><br \/>\n<a href=\"http:\/\/assos.venelles.net\/archives\/avec\/crag_2010.pdf\">AG 2010<\/a><br \/>\n<a href=\"http:\/\/assos.venelles.net\/archives\/avec\/crag_2011.pdf\">AG 2011<\/a><br \/>\n<a href=\"http:\/\/assos.venelles.net\/archives\/avec\/crag_2012.pdf\">AG 2012<\/a><br \/>\n<a href=\"http:\/\/assos.venelles.net\/archives\/avec\/crag_2013.pdf\">AG 2013<\/a><br \/>\n<a href=\"http:\/\/assos.venelles.net\/archives\/avec\/crag_2014.pdf\">AG 2014<\/a><\/p>\n","protected":false},"excerpt":{"rendered":"<p>Pour \u00eatre plus efficace, dans la d\u00e9fense de notre conception du service public, nous avons d\u00e9cid\u00e9 de cr\u00e9er d&rsquo;une association \u00ab\u00a0L&rsquo;Association Venelloise pour l&rsquo;Expression Citoyenne (A.V.E.C.)\u00a0\u00bb, dont nous vous pr\u00e9sentons les principes. Le d\u00e9veloppement durable doit \u00eatre au coeur de notre pr\u00e9occupation. C\u2019est l\u00e0 une question universelle, qui concerne l\u2019inscription de nos actions dans la [&hellip;]<\/p>\n","protected":false},"author":3,"featured_media":0,"parent":0,"menu_order":0,"comment_status":"closed","ping_status":"open","template":"","meta":{"footnotes":""},"class_list":["post-1750","page","type-page","status-publish","hentry"],"_links":{"self":[{"href":"https:\/\/ciq-venelles.net\/index.php\/wp-json\/wp\/v2\/pages\/1750","targetHints":{"allow":["GET"]}}],"collection":[{"href":"https:\/\/ciq-venelles.net\/index.php\/wp-json\/wp\/v2\/pages"}],"about":[{"href":"https:\/\/ciq-venelles.net\/index.php\/wp-json\/wp\/v2\/types\/page"}],"author":[{"embeddable":true,"href":"https:\/\/ciq-venelles.net\/index.php\/wp-json\/wp\/v2\/users\/3"}],"replies":[{"embeddable":true,"href":"https:\/\/ciq-venelles.net\/index.php\/wp-json\/wp\/v2\/comments?post=1750"}],"version-history":[{"count":19,"href":"https:\/\/ciq-venelles.net\/index.php\/wp-json\/wp\/v2\/pages\/1750\/revisions"}],"predecessor-version":[{"id":5788,"href":"https:\/\/ciq-venelles.net\/index.php\/wp-json\/wp\/v2\/pages\/1750\/revisions\/5788"}],"wp:attachment":[{"href":"https:\/\/ciq-venelles.net\/index.php\/wp-json\/wp\/v2\/media?parent=1750"}],"curies":[{"name":"wp","href":"https:\/\/api.w.org\/{rel}","templated":true}]}}